{"id":106,"date":"2019-02-27T17:00:43","date_gmt":"2019-02-27T17:00:43","guid":{"rendered":"http:\/\/shizofrenija.si\/javno\/?page_id=106"},"modified":"2025-12-19T08:04:50","modified_gmt":"2025-12-19T07:04:50","slug":"homepage","status":"publish","type":"page","link":"https:\/\/shizofrenija.si\/javno\/","title":{"rendered":"Homepage"},"content":{"rendered":"\n<div class=\"wp-block-rea-hero-banner-rea-hero-banner-block rea-hero-banner-block front has-margin\"><div class=\"rea-hero-banner-block__image\" style=\"background-image: url(https:\/\/shizofrenija.si\/javno\/wp-content\/uploads\/2020\/02\/Flowers2-fs8-1.png)\"><img decoding=\"async\" class=\"hero-banner-background\" alt=\"\" src=\"https:\/\/shizofrenija.si\/javno\/wp-content\/uploads\/2020\/02\/Flowers2-fs8-1.png\"><\/div><div class=\"rea-hero-banner-block__content\"><div class=\"rea-hero-banner-block__content--wrapper\"><div class=\"text-wrapper\"><h1 class=\"hero-banner-title\">Dobrodo\u0161li na spletnem mestu SHIZOFRENIJA.SI<\/h1><p class=\"hero-banner-text\">Zbirka koristnih virov za vse, ki se sre\u010dujete s shizofrenijo.<\/p><a class=\"button__primary button-text\" href=\"\/javno\/pregled-shizofrenije\/\">Kaj je shizofrenija?<\/a><p class=\"hero-banner-signed-out-text js-hide-dc-signed-in\"><\/p><\/div><div class=\"image-wrapper\"><img decoding=\"async\" class=\"hero-banner-image js-rea-parallax\" alt=\"\" src=\"\"><\/div><\/div><\/div><\/div>\n\n\n<div class=\"wp-block-image\">\n<figure class=\"aligncenter size-full\"><img loading=\"lazy\" decoding=\"async\" width=\"1024\" height=\"333\" src=\"https:\/\/shizofrenija.si\/javno\/wp-content\/uploads\/2024\/06\/iskrena.png\" alt=\"\" class=\"wp-image-3422\" srcset=\"https:\/\/shizofrenija.si\/javno\/wp-content\/uploads\/2024\/06\/iskrena.png 1024w, https:\/\/shizofrenija.si\/javno\/wp-content\/uploads\/2024\/06\/iskrena-300x98.png 300w, https:\/\/shizofrenija.si\/javno\/wp-content\/uploads\/2024\/06\/iskrena-768x250.png 768w\" sizes=\"auto, (max-width: 1024px) 100vw, 1024px\" \/><\/figure>\n<\/div>\n\n\n<div class=\"wp-block-rea-cta-rea-cta-block rea-cta-block front\"><div class=\"rea-cta-block__content\"><h4 class=\"cta-title\"><\/h4><p class=\"cta-text\"><\/p><a class=\"button__primary button-text\" href=\"https:\/\/shizofrenija.si\/javno\/knjiga-o-shizofreniji\">Preberite knjigo na spletu<\/a><\/div><\/div>\n\n\n\n<div class=\"wp-block-rea-paragraph-rea-paragraph-block rea-paragraph-block front\"><div class=\"rea-paragraph-block__content\"><p class=\"content-text\">Osebe s shizofrenijo imajo lahko razli\u010dne simptome, ki lahko vplivajo na njihovo kakovost \u017eivljenja.\u00b2<br>Ti simptomi se obi\u010dajno za\u010dnejo pojavljati v mladosti, med 16. in 30. letom.\u00b2 Zdravnik bo ocenil simptome ter postavil diagnozo.<br><br><\/p><\/div><\/div>\n\n\n\n<div class=\"wp-block-rea-illustration-rea-illustration-block rea-illustration-block front\"><img class=\"illustration-bg\" alt=\"\"><div class=\"rea-illustration-block__content\"><div class=\"rea-illustration-block__image image-wrapper\"><a href=\"https:\/\/shizofrenija.si\/javno\/wp-content\/uploads\/2021\/07\/K008_01_1366px_SI.png\" rel=\"noopener noreferrer\" target=\"_blank\" class=\"\"><img decoding=\"async\" class=\"illustration center\" alt=\"Negativni simptomi med potekom shizofrenije. Prirejeno po Millan et al., 2014.\" src=\"https:\/\/shizofrenija.si\/javno\/wp-content\/uploads\/2021\/07\/K008_01_1366px_SI.png\" style=\"max-width: 100%\"><img decoding=\"async\" class=\"rea-mobile illustration-mobile\" alt=\"Negativni simptomi med potekom shizofrenije. Prirejeno po Millan et al., 2014.\" src=\"https:\/\/shizofrenija.si\/javno\/wp-content\/uploads\/2021\/07\/K008_01_1366px_SI.png\"><\/a><\/div><p class=\"rea-site__caption caption-text align-center\">Negativni simptomi med potekom shizofrenije. Prirejeno po Millan et al., 2014.<\/p><\/div><\/div>\n\n\n\n<div class=\"wp-block-rea-cta-rea-cta-block rea-cta-block front\"><div class=\"rea-cta-block__content\"><h4 class=\"cta-title\"><\/h4><p class=\"cta-text\"><\/p><a class=\"button__primary button-text\" href=\"\/javno\/simptomi\/\">Negativni simptomi: kateri so?<\/a><\/div><\/div>\n\n\n\n<div class=\"wp-block-rea-separator-rea-separator-block rea-separator-block front\"><div class=\"rea-separator-block__content\"><hr class=\"rea-separator-block__separator\"><\/div><\/div>\n\n\n\n<div class=\"wp-block-rea-cta-rea-cta-block rea-cta-block front\"><div class=\"rea-cta-block__content\"><h4 class=\"cta-title\">Zdravljenje shizofrenije<\/h4><p class=\"cta-text\">Ko zdravnik postavi <a href=\"https:\/\/shizofrenija.si\/javno\/diagnoza\">diagnozo <\/a>shizofrenije, se z osebo pogovori o za\u010detku in na\u010drtu zdravljenja. Ko se zdravljenje za\u010dne, se v sodelovanju z zdravnikom posku\u0161ata dose\u010di dva cilja: zmanj\u0161anje pogostosti in resnosti akutnih psihoti\u010dnih epizod ter izbolj\u0161anje kakovosti \u017eivljenja.\u00b9<\/p><a class=\"button__primary button-text\" href=\"\/javno\/zdravljenje-in-remisija\/\">ALI JE SHIZOFRENIJO MOGO\u010cE ZDRAVITI?<\/a><\/div><\/div>\n\n\n\n<div class=\"wp-block-rea-separator-rea-separator-block rea-separator-block front\"><div class=\"rea-separator-block__content\"><hr class=\"rea-separator-block__separator\"><\/div><\/div>\n\n\n\n<div class=\"wp-block-rea-cta-rea-cta-block rea-cta-block front\"><div class=\"rea-cta-block__content\"><h4 class=\"cta-title\">Miti in resnice o shizofreniji<\/h4><p class=\"cta-text\">Morda imate o shizofreniji \u017ee nekaj vnaprej\u0161njih prepri\u010danj, toda ali znate lo\u010diti mite od resnice? Razi\u0161\u010dite pogoste mite o shizofreniji in resnico, ki se skriva za njimi.<\/p><a class=\"button__primary button-text\" href=\"\/javno\/miti-in-resnice\/\">Ali je shizofrenija dedna?<\/a><\/div><\/div>\n\n\n\n<div class=\"wp-block-rea-separator-rea-separator-block rea-separator-block front\"><div class=\"rea-separator-block__content\"><hr class=\"rea-separator-block__separator\"><\/div><\/div>\n\n\n\n<div class=\"wp-block-rea-cta-rea-cta-block rea-cta-block front\"><div class=\"rea-cta-block__content\"><h4 class=\"cta-title\">Shizofrenija in zasvojenost<\/h4><p class=\"cta-text\">Pri ljudeh, ki zlorabljajo droge, se v\u010dasih razvijejo simptomi, ki so zelo podobni simptomom shizofrenije, v nekaterih primerih pa lahko zloraba drog dejansko ustvari razmere za pri\u010detek du\u0161evne motnje.<\/p><a class=\"button__primary button-text\" href=\"\/javno\/shizofrenija-in-zasvojenost\/\">Shizofrenija in odvisni\u0161ko vedenje<\/a><\/div><\/div>\n\n\n\n\n<div class=\"wp-block-rea-title-rea-title-block rea-title-block front rea-share-block\" style=\"margin-bottom:30px;text-align:center;\">\n\t\t<div class=\"\">\n\t\t\t<span style=\"display:block;margin-bottom:10px;font-size:20px;\">Share<\/span>\n\t\t\t<a href=\"https:\/\/www.facebook.com\/sharer\/sharer.php?u=https:\/\/shizofrenija.si\/javno\/wp-json\/wp\/v2\/pages\/106\" class=\"facebook-share\" target=\"_blank\"><\/a>\n\t\t\t<a href=\"https:\/\/www.linkedin.com\/shareArticle?mini=true&#038;url=https:\/\/shizofrenija.si\/javno\/wp-json\/wp\/v2\/pages\/106\" class=\"linkedin-share\" target=\"_blank\"><\/a>\n\t\t<\/div>\n\t<\/div>","protected":false},"excerpt":{"rendered":"<p>Share<\/p>\n","protected":false},"author":2,"featured_media":0,"parent":0,"menu_order":0,"comment_status":"closed","ping_status":"closed","template":"page-fullwidth.php","meta":{"_acf_changed":false,"rea_page_title_signed_in_meta_block_field":"","rea_page_title_signed_out_meta_block_field":"","rea_page_description_signed_in_meta_block_field":"","rea_page_description_signed_out_meta_block_field":"","rea_page_footer_id_meta_block_field":"","rea_page_footer_date_meta_block_field":"","footnotes":""},"class_list":["post-106","page","type-page","status-publish","hentry"],"acf":[],"_links":{"self":[{"href":"https:\/\/shizofrenija.si\/javno\/wp-json\/wp\/v2\/pages\/106","targetHints":{"allow":["GET"]}}],"collection":[{"href":"https:\/\/shizofrenija.si\/javno\/wp-json\/wp\/v2\/pages"}],"about":[{"href":"https:\/\/shizofrenija.si\/javno\/wp-json\/wp\/v2\/types\/page"}],"author":[{"embeddable":true,"href":"https:\/\/shizofrenija.si\/javno\/wp-json\/wp\/v2\/users\/2"}],"replies":[{"embeddable":true,"href":"https:\/\/shizofrenija.si\/javno\/wp-json\/wp\/v2\/comments?post=106"}],"version-history":[{"count":52,"href":"https:\/\/shizofrenija.si\/javno\/wp-json\/wp\/v2\/pages\/106\/revisions"}],"predecessor-version":[{"id":3426,"href":"https:\/\/shizofrenija.si\/javno\/wp-json\/wp\/v2\/pages\/106\/revisions\/3426"}],"wp:attachment":[{"href":"https:\/\/shizofrenija.si\/javno\/wp-json\/wp\/v2\/media?parent=106"}],"curies":[{"name":"wp","href":"https:\/\/api.w.org\/{rel}","templated":true}]}}