{"id":2255,"date":"2020-01-14T14:20:43","date_gmt":"2020-01-14T13:20:43","guid":{"rendered":"https:\/\/shizofrenija.si\/javno\/?page_id=2255"},"modified":"2025-12-19T08:04:50","modified_gmt":"2025-12-19T07:04:50","slug":"zdravljenje-in-remisija","status":"publish","type":"page","link":"https:\/\/shizofrenija.si\/javno\/zdravljenje-in-remisija\/","title":{"rendered":"Zdravljenje in remisija"},"content":{"rendered":"\n<div class=\"wp-block-rea-inpage-nav-rea-inpage-nav-block rea-inpage-nav-block front has-margin\"><div class=\"rea-inpage-nav-block__image\" style=\"background-image: url(https:\/\/shizofrenija.si\/javno\/wp-content\/uploads\/2019\/03\/wooden.png)\"><img decoding=\"async\" class=\"inpage-nav-background\" alt=\"\" src=\"https:\/\/shizofrenija.si\/javno\/wp-content\/uploads\/2019\/03\/wooden.png\"><\/div><div class=\"rea-inpage-nav-block__content\"><div class=\"rea-inpage-nav-block__content--wrapper\"><div class=\"text-wrapper\"><h2 class=\"inpage-nav-title\">Zdravljenje in remisija <\/h2><ul class=\"inpage-nav-list\"><li>Na voljo je ve\u010d pristopov k zdravljenju in vsi se za\u010dnejo s kakovostnim posvetom z zdravnikom. Klju\u010dno je sodelovanje!<\/li><\/ul><\/div><div class=\"section-nav\"><h4 class=\"section-nav--title\">V tem razdelku<\/h4><div class=\"section-nav--nav-items js-inpage-nav-items\"><\/div><\/div><\/div><\/div><\/div>\n\n\n\n<div class=\"wp-block-rea-title-rea-title-block rea-title-block front\"><div class=\"rea-title-block__content\"><h3 id=\"zdravljenje\" class=\"content-title \">Zdravljenje<\/h3><h4 class=\"content-subtitle rea-hidden\"><\/h4><\/div><\/div>\n\n\n\n<div class=\"wp-block-rea-paragraph-rea-paragraph-block rea-paragraph-block front\"><div class=\"rea-paragraph-block__content\"><p class=\"content-text\">Ko zdravnik postavi <a href=\"https:\/\/shizofrenija.si\/javno\/diagnoza\">diagnozo<\/a> , se z osebo pogovori o za\u010detku in na\u010drtu zdravljenja. Ko se zdravljenje za\u010dne, se v sodelovanju z zdravnikom posku\u0161ata dose\u010di dva cilja: zmanj\u0161anje pogostosti in izra\u017eenosti akutnih psihoti\u010dnih epizod ter izbolj\u0161anje kakovosti \u017eivljenja.<sup>1<\/sup><br> <br>Smernice za zdravljenje, kot so smernice in\u0161tituta NICE, spodbujajo zgodnjo intervencijo, ne glede na to, kdaj so opa\u017eeni prvi simptomi, ker je na ta na\u010din mogo\u010de zmanj\u0161ati tveganje za razvoj psihoze.<sup>2<\/sup><br>Zdravnik se z osebo s shizofrenijo pogovori o mo\u017enostih, da bi lahko izbral vrsto zdravil, ki najbolj ustreza potrebam posameznika. Na koncu bo odlo\u010ditev temeljila na anamnezi, fazi zdravljenja in ne\u017eelenih u\u010dinkih, ki jih je mogo\u010de pri\u010dakovati pri farmakolo\u0161kem zdravljenju.<sup>2<\/sup><br>  <br>Vendar pa zdravljenje, ki ga prejemajo osebe s shizofrenijo, ni omejeno na farmakolo\u0161ki pristop. Vzpostavljen je sistem, imenovan \u00bbve\u010dmodalno zdravljenje\u00ab. To pomeni, da bo zdravljenje poleg antipsihotikov najverjetneje zajemalo naslednje: <sup>1<\/sup> <br><br><\/p><\/div><\/div>\n\n\n\n<div class=\"wp-block-rea-list-rea-list-block rea-list-block front\"><div class=\"rea-list-block__wrapper\"><div class=\"list-unordered list\"><p>psihoterapijo,<\/p><p>trening socialnih ve\u0161\u010din,<\/p><p>osebno izobra\u017eevanje, <\/p><p>intervencijo in usposabljanje v dru\u017eini.  <\/p><\/div><\/div><\/div>\n\n\n\n<div class=\"wp-block-rea-paragraph-rea-paragraph-block rea-paragraph-block front\"><div class=\"rea-paragraph-block__content\"><p class=\"content-text\">Zdravljenje shizofrenije je odvisno od zdravljene osebe, obi\u010dajno pa gre za kombinacijo zdravil in drugih terapij. \u010ceprav trenutno ni zdravila za popolno ozdravitev shizofrenije, se mnogo simptomov z zdravljenjem izbolj\u0161a, nekateri ljudje pa odkrijejo, da so simptomi popolnoma izginili.<br>\u010ce imate shizofrenijo, boste morda zdravljeni s pristopi, opisanimi v nadaljevanju.<br><br><\/p><\/div><\/div>\n\n\n\n<div class=\"wp-block-rea-title-rea-title-block rea-title-block front\"><div class=\"rea-title-block__content\"><h3 id=\"\" class=\"content-title rea-hidden\"><\/h3><h4 class=\"content-subtitle \"><strong>Kognitivno vedenjska terapija<\/strong><\/h4><\/div><\/div>\n\n\n\n<div class=\"wp-block-rea-paragraph-rea-paragraph-block rea-paragraph-block front\"><div class=\"rea-paragraph-block__content\"><p class=\"content-text\">Kognitivno vedenjska terapija je vrsta zdravljenja, ki vam lahko pomaga pri premagovanju trenutnih <a href=\"https:\/\/shizofrenija.si\/javno\/simptomi\">pozitivnih in negativnih simptomov<\/a>  shizofrenije. Z njo lahko odkrijete, kak\u0161ni so vzorci razmi\u0161ljanja, zaradi katerih se pri vas morda pojavljajo ne\u017eeleni ob\u010dutki ali vedenje, ter te ob\u010dutke in vedenje nadomestite z bolj realisti\u010dnim razmi\u0161ljanjem.<sup>12 <\/sup> <br>  <br>Morda boste potrebovali od 8 do 20 terapij v obdobju od 6 do 12 mesecev, a je to pri vsakem posamezniku razli\u010dno. Vsaka terapija obi\u010dajno traja pribli\u017eno pol ure.<sup>12<\/sup> <br><br><\/p><\/div><\/div>\n\n\n\n<div class=\"wp-block-rea-title-rea-title-block rea-title-block front\"><div class=\"rea-title-block__content\"><h3 id=\"\" class=\"content-title rea-hidden\"><\/h3><h4 class=\"content-subtitle \">Umetnostna terapija<\/h4><\/div><\/div>\n\n\n\n<div class=\"wp-block-rea-paragraph-rea-paragraph-block rea-paragraph-block front\"><div class=\"rea-paragraph-block__content\"><p class=\"content-text\">Z umetnostno terapijo lahko izrazite svoje do\u017eivljanje shizofrenije. V\u010dasih negativni simptomi shizofrenije lahko pomenijo, da se te\u017eko povezujete z drugimi.13 Umetnostna terapija je lahko dober na\u010din za deljenje svojih ob\u010dutkov, z njo pa lahko pridobite tudi nov pogled na shizofrenijo.<sup>12<\/sup> <br><br><\/p><\/div><\/div>\n\n\n\n<div class=\"wp-block-rea-title-rea-title-block rea-title-block front\"><div class=\"rea-title-block__content\"><h3 id=\"\" class=\"content-title rea-hidden\"><\/h3><h4 class=\"content-subtitle \"><strong>Dru\u017einska terapija<\/strong><\/h4><\/div><\/div>\n\n\n\n<div class=\"wp-block-rea-paragraph-rea-paragraph-block rea-paragraph-block front\"><div class=\"rea-paragraph-block__content\"><p class=\"content-text\">Dru\u017eina lahko ima pomembno vlogo pri tem, da vam pomaga obvladovati shizofrenijo. V\u010dasih pa je to za dru\u017einske \u010dlane lahko zahtevno. Dru\u017einska terapija lahko vam in va\u0161i dru\u017eini pomaga razumeti shizofrenijo ter se bolje soo\u010dati z njo. Vklju\u010duje pogovor s strokovnjakom o na\u010dinih zagotavljanja podpore in prakti\u010dnih nasvetih o tem, kako se spopadati z morebitnimi te\u017eavami. Dru\u017einska terapija je lahko \u0161e posebej koristna, \u010de ste nedavno imeli akutno epizodo.<sup>12,13<\/sup><br><br><\/p><\/div><\/div>\n\n\n\n<div class=\"wp-block-rea-title-rea-title-block rea-title-block front\"><div class=\"rea-title-block__content\"><h3 id=\"\" class=\"content-title rea-hidden\"><\/h3><h4 class=\"content-subtitle \"><strong>Zdravila<\/strong><\/h4><\/div><\/div>\n\n\n\n<div class=\"wp-block-rea-paragraph-rea-paragraph-block rea-paragraph-block front\"><div class=\"rea-paragraph-block__content\"><p class=\"content-text\">Za simptome shizofrenije vam zdravnik lahko predpi\u0161e antipsihoti\u010dna zdravila. Vrsta zdravila je odvisna od va\u0161ih simptomov in prejeli ga boste \u0161ele po zdravni\u0161kem pregledu. Ta zdravila so lahko v obliki tablet ali pa so v\u010dasih dana v obliki injekcije.<sup>12<\/sup> V splo\u0161nem je antipsihoti\u010dna zdravila mogo\u010de razvrstiti v prvo ali drugo generacijo. \u010ce \u017eelite ve\u010d informacij o razlikah med tema skupinama zdravil, se pogovorite s svojim zdravnikom.  <br>  <br>Trajanje jemanja zdravil, ki je predvideno pri vas, je lahko razli\u010dno. Medtem ko je mogo\u010de pri\u010dakovati nekatere ne\u017eelene u\u010dinke, poskrbite, da boste svojemu zdravniku povedali, \u010de bodo postali resni. Morda obstajajo druga ali dodatna zdravila, ki lahko pomagajo.<sup>12<\/sup> <br> <br>Pomembno je, da nobenega antipsihoti\u010dnega zdravila ne prenehate jemati, ne da bi se prej posvetovali s svojim zdravnikom. \u010ce jih boste prenehali jemati, se simptomi lahko poslab\u0161ajo.<sup>12<\/sup><\/p><\/div><\/div>\n\n\n\n<div class=\"wp-block-rea-separator-rea-separator-block rea-separator-block front\"><div class=\"rea-separator-block__content\"><hr class=\"rea-separator-block__separator\"><\/div><\/div>\n\n\n\n<div class=\"wp-block-rea-title-rea-title-block rea-title-block front\"><div class=\"rea-title-block__content\"><h3 id=\"strongkaj-je-sodelovanje-pri-zdravljenju-in-zakaj-je-pomembnostrong\" class=\"content-title \"><strong>Kaj je sodelovanje pri zdravljenju in zakaj je pomembno?<\/strong><\/h3><h4 class=\"content-subtitle rea-hidden\"><\/h4><\/div><\/div>\n\n\n\n<div class=\"wp-block-rea-paragraph-rea-paragraph-block rea-paragraph-block front\"><div class=\"rea-paragraph-block__content\"><p class=\"content-text\">Dobro sodelovanje pri zdravljenju pomeni, da oseba s shizofrenijo jemlje zdravila natanko tako, kot ji je predpisal zdravnik.<sup>3<\/sup> To je za mnoge, ki \u017eivijo s shizofrenijo, te\u017eko \u2013 poro\u010dajo zlasti o tem, da pri jemanju zdravil sodelujejo v pribli\u017eno 50\u00a0%, kar pomeni, da polovice zdravil ne jemljejo, kot je predpisano.<sup>3-5<\/sup><br><br>Osebam, ki \u017eivijo s shizofrenijo, se morda zdi, da si je prete\u017eko zapomniti \u0161tevilo in pogostost jemanja zdravil ali da ima zdravilo nekatere ne\u017eelene u\u010dinke, ki so preve\u010d neprijetni, zaradi \u010desar jemanje opustijo.<sup>6-9<\/sup> Zanje je morda te\u017eavno tudi vzdr\u017eevati doslednost zdravljenja, ko menijo, da to ni ve\u010d potrebno.<sup>9<\/sup><br>\u010ce oseba s shizofrenijo ugotovi, da ima te\u017eave pri jemanju zdravil, naj se za razmislek o drugih mo\u017enostih, ki bi bile na voljo zanjo, pogovori z zdravnikom.<br>Izpu\u0161\u010danje zdravil ali jemanje druga\u010dnega odmerka je glavni razlog za to, da se psihoti\u010dne epizode pri posameznikih ponavljajo in da do\u017eivijo nove.<sup>9<\/sup><\/p><\/div><\/div>\n\n\n\n<div class=\"wp-block-rea-separator-rea-separator-block rea-separator-block front\"><div class=\"rea-separator-block__content\"><hr class=\"rea-separator-block__separator\"><\/div><\/div>\n\n\n\n<div class=\"wp-block-rea-title-rea-title-block rea-title-block front\"><div class=\"rea-title-block__content\"><h3 id=\"strongzdravljenje-negativnih-simptomovstrong\" class=\"content-title \"><strong>Zdravljenje negativnih simptomov<\/strong><\/h3><h4 class=\"content-subtitle rea-hidden\"><\/h4><\/div><\/div>\n\n\n\n<div class=\"wp-block-rea-paragraph-rea-paragraph-block rea-paragraph-block front\"><div class=\"rea-paragraph-block__content\"><p class=\"content-text\">Pri ljudeh s shizofrenijo so negativni simptomi pogosti.<sup>10<\/sup> Ti simptomi se ka\u017eejo z zmanj\u0161ano \u017eeljo po govoru, dru\u017eenju ali sodelovanju pri vsakodnevnih dejavnostih.<sup>10<\/sup> <br><br>\u017dal niti druga generacija zdravil za zdravljenje shizofrenije (imenovanih atipi\u010dni antipsihotiki) ni popolnoma kos negativnim simptomom.<sup>10<\/sup><br>V splo\u0161nem so trenutne vrste zdravljenja usmerjene k odpravljanju pozitivnih simptomov (psihoze in akutnih epizod) in relativno izbolj\u0161anje negativnih simptomov se pojavi \u0161ele po tem, ko je to dose\u017eeno.<sup>11<\/sup> <br><br>Negativni simptomi lahko poslab\u0161ujejo kakovost posameznikovega \u017eivljenja, zato je \u0161e posebej pomembno, da se o njih zgodaj pogovorite z zdravnikom.<sup>10<\/sup> <br><br><\/p><\/div><\/div>\n\n\n\n<div class=\"wp-block-rea-quote-rea-quote-block rea-quote-block front\"><div class=\"rea-quote-block__wrapper\"><div class=\"rea-quote-block__content-type\"><div class=\"rea-quote-block__content-type--background\" data-type=\"book\"><div class=\"rea-quote-block__content-type--icon attr-content-type\" data-type=\"book\"><div class=\"content-type-icon\"><\/div><\/div><\/div><\/div><div class=\"rea-quote-block__content-area\"><p class=\"rea-quote-block__content-area--content-type html-content-type-title\" data-type=\"book\"><\/p><h5 class=\"rea-quote-block__content-area--title html-title\"><br>Evidence-based guidelines for the pharmacological treatment of schizophrenia: recommendations from the British Association for Psychopharmacology<\/h5><div class=\"rea-quote-block__content-area--subtitle html-subtitle\">Thomas RE Barnes and the Schizophrenia Consensus Group of the British Association for Psychopharmacology<\/div><div class=\"rea-quote-block__content-area--reference html-reference\"><a href=\"https:\/\/www.bap.org.uk\/pdfs\/BAP_Guidelines-Schizophrenia.pdf\" rel=\"nofollow noopener\" target=\"_blank\">https:\/\/www.bap.org.uk\/pdfs\/BAP_Guidelines-Schizophrenia.pdf<\/a><\/div><div class=\"rea-quote-block__content-area--text html-text\">Barnes TR and the Schizophrenia Consensus Group of the British Association for Psychopharmacology. J Psychopharmacol. 2011;25(5):567-620<\/div><\/div><\/div><\/div>\n\n\n\n<div class=\"wp-block-rea-references-rea-references-block rea-references-block front\"><div class=\"rea-references-block__references\"><p class=\"references-title\">Viri<\/p><ol class=\"references-list\"><li>Haller CS, Padmanabhan JL, Lizano P, Torous J, Keshavan M. Recent advances in understanding schizophrenia. F1000Prime Rep. 2014 Jul 8;6:57<\/li><li>NICE CG178 <a href=\"https:\/\/www.nice.org.uk\/guidance\/cg178\" rel=\"nofollow noopener\" target=\"_blank\">https:\/\/www.nice.org.uk\/guidance\/cg178<\/a>. [accessed August 2019]<\/li><li>Bebbington PE. Int Clin Psychopharm 1995;9(Suppl.5): 41\u201350<\/li><li>Cramer JA. Psychiatr Serv 1998;49: 196\u2013201 <\/li><li>Velligan DI. Schizophr Bull 2006;32:724\u2013742<\/li><li>Byerly MJ. Psychiatric Clin North America 2007;30: 437\u2013452<\/li><li>Mitchell AJ Adv Psychiatr Treat 2007;13: 336\u2013346<\/li><li>Barnes TR and the Schizophrenia Consensus Group of the British Association for Psychopharmacology. J Psychopharmacol. 2011;25(5):567-620<\/li><li>Weiden PJ. J Clin Psychiatry 2007;68(Suppl. 14): 14\u201319<\/li><li>Sicras-Mainar A. Neuropsychiatr Dis Treat 2015:11 51\u201357<\/li><li>Sicras-Mainar A, Maurino J, Ruiz-Beato E, Navarro-Artieda R. Impact of negative symptoms on healthcare resource utilization and associated costs in adult outpatients with schizophrenia: a population-based study. BMC Psychiatry. 2014 Aug 6;14:225<\/li><li>NHS, Treatment Schizophrenia, 2016. <a href=\"https:\/\/www.nhs.uk\/conditions\/schizophrenia\/treatment\/\" rel=\"nofollow noopener\" target=\"_blank\">https:\/\/www.nhs.uk\/conditions\/schizophrenia\/treatment\/<\/a> [Accessed October 2019]<\/li><li>NHS, Symptoms, 2016. <a href=\"https:\/\/www.nhs.uk\/conditions\/schizophrenia\/symptoms\/\" rel=\"nofollow noopener\" target=\"_blank\">https:\/\/www.nhs.uk\/conditions\/schizophrenia\/symptoms\/<\/a> [Accessed October 2019]<\/li><li>NICE, Psychosis and schizophrenia in adults: prevention and management, 2014. <a href=\"https:\/\/www.nice.org.uk\/guidance\/cg178\/chapter\/1-Recommendations#subsequent-acute-episodes-of-psychosis-or-schizophrenia-and-referral-in-crisis-2\" rel=\"nofollow noopener\" target=\"_blank\">https:\/\/www.nice.org.uk\/guidance\/cg178\/chapter\/1-Recommendations#subsequent-acute-episodes-of-psychosis-or-schizophrenia-and-referral-in-crisis-2<\/a> [Accessed October 2019]<\/li><\/ol><\/div><\/div>\n\n\n\n\n<div class=\"wp-block-rea-title-rea-title-block rea-title-block front rea-share-block\" style=\"margin-bottom:30px;text-align:center;\">\n\t\t<div class=\"\">\n\t\t\t<span style=\"display:block;margin-bottom:10px;font-size:20px;\">Share<\/span>\n\t\t\t<a href=\"https:\/\/www.facebook.com\/sharer\/sharer.php?u=https:\/\/shizofrenija.si\/javno\/wp-json\/wp\/v2\/pages\/2255\" class=\"facebook-share\" target=\"_blank\"><\/a>\n\t\t\t<a href=\"https:\/\/www.linkedin.com\/shareArticle?mini=true&#038;url=https:\/\/shizofrenija.si\/javno\/wp-json\/wp\/v2\/pages\/2255\" class=\"linkedin-share\" target=\"_blank\"><\/a>\n\t\t<\/div>\n\t<\/div>","protected":false},"excerpt":{"rendered":"<p>Share<\/p>\n","protected":false},"author":1,"featured_media":1194,"parent":0,"menu_order":0,"comment_status":"closed","ping_status":"closed","template":"page-fullwidth.php","meta":{"_acf_changed":false,"rea_page_title_signed_in_meta_block_field":"Zdravljenje shizofrenije in remisija","rea_page_title_signed_out_meta_block_field":"Zdravljenje shizofrenije in remisija","rea_page_description_signed_in_meta_block_field":"Ko zdravnik postavi diagnozo, se z osebo pogovori o za\u010detku in na\u010drtu zdravljenja. Ko se zdravljenje za\u010dne, se v sodelovanju z zdravnikom posku\u0161ata dose\u010di dva cilja","rea_page_description_signed_out_meta_block_field":"Ko zdravnik postavi diagnozo, se z osebo pogovori o za\u010detku in na\u010drtu zdravljenja. Ko se zdravljenje za\u010dne, se v sodelovanju z zdravnikom posku\u0161ata dose\u010di dva cilja","rea_page_footer_id_meta_block_field":"","rea_page_footer_date_meta_block_field":"","footnotes":""},"class_list":["post-2255","page","type-page","status-publish","has-post-thumbnail","hentry"],"acf":[],"_links":{"self":[{"href":"https:\/\/shizofrenija.si\/javno\/wp-json\/wp\/v2\/pages\/2255","targetHints":{"allow":["GET"]}}],"collection":[{"href":"https:\/\/shizofrenija.si\/javno\/wp-json\/wp\/v2\/pages"}],"about":[{"href":"https:\/\/shizofrenija.si\/javno\/wp-json\/wp\/v2\/types\/page"}],"author":[{"embeddable":true,"href":"https:\/\/shizofrenija.si\/javno\/wp-json\/wp\/v2\/users\/1"}],"replies":[{"embeddable":true,"href":"https:\/\/shizofrenija.si\/javno\/wp-json\/wp\/v2\/comments?post=2255"}],"version-history":[{"count":26,"href":"https:\/\/shizofrenija.si\/javno\/wp-json\/wp\/v2\/pages\/2255\/revisions"}],"predecessor-version":[{"id":3488,"href":"https:\/\/shizofrenija.si\/javno\/wp-json\/wp\/v2\/pages\/2255\/revisions\/3488"}],"wp:featuredmedia":[{"embeddable":true,"href":"https:\/\/shizofrenija.si\/javno\/wp-json\/wp\/v2\/media\/1194"}],"wp:attachment":[{"href":"https:\/\/shizofrenija.si\/javno\/wp-json\/wp\/v2\/media?parent=2255"}],"curies":[{"name":"wp","href":"https:\/\/api.w.org\/{rel}","templated":true}]}}