{"id":2338,"date":"2020-01-14T15:09:52","date_gmt":"2020-01-14T14:09:52","guid":{"rendered":"https:\/\/shizofrenija.si\/javno\/?page_id=2338"},"modified":"2025-12-19T08:04:50","modified_gmt":"2025-12-19T07:04:50","slug":"obvladovanje-shizofrenije-in-nosecnost","status":"publish","type":"page","link":"https:\/\/shizofrenija.si\/javno\/obvladovanje-shizofrenije-in-nosecnost\/","title":{"rendered":"Obvladovanje shizofrenije in nose\u010dnost"},"content":{"rendered":"\n<div class=\"wp-block-rea-inpage-nav-rea-inpage-nav-block rea-inpage-nav-block front has-margin\"><div class=\"rea-inpage-nav-block__image\" style=\"background-image: url(https:\/\/shizofrenija.si\/javno\/wp-content\/uploads\/2019\/03\/wooden.png)\"><img decoding=\"async\" class=\"inpage-nav-background\" alt=\"\" src=\"https:\/\/shizofrenija.si\/javno\/wp-content\/uploads\/2019\/03\/wooden.png\"><\/div><div class=\"rea-inpage-nav-block__content\"><div class=\"rea-inpage-nav-block__content--wrapper\"><div class=\"text-wrapper\"><h2 class=\"inpage-nav-title\">Obvladovanje shizofrenije in nose\u010dnost<\/h2><ul class=\"inpage-nav-list\"><li>Nose\u010dnost pri posameznicah s shizofrenijo je lahko zdrava in donosijo lahko zdravega otroka. Pomembno se je posvetovati s svojim zdravnikom glede zdravljenja in se \u0161e naprej udele\u017eevati pogovornih terapij. <\/li><li> \u010ce poznate kak\u0161no nose\u010dnico s shizofrenijo, ste lahko klju\u010dni del njene podporne mre\u017ee \u017ee samo s tem, da jo poslu\u0161ate in na\u010drtujete vnaprej.<\/li><\/ul><\/div><div class=\"section-nav\"><h4 class=\"section-nav--title\">V tem razdelku<\/h4><div class=\"section-nav--nav-items js-inpage-nav-items\"><\/div><\/div><\/div><\/div><\/div>\n\n\n\n<div class=\"wp-block-rea-paragraph-rea-paragraph-block rea-paragraph-block front\"><div class=\"rea-paragraph-block__content\"><p class=\"content-text\">\u010ce imate shizofrenijo, je nose\u010dnost pri vas lahko zdrava in donosite lahko zdravega otroka, s skrbjo zase pa si boste pomagali tudi pri skrbi za svojega otroka. Najprej se morate pogovoriti s svojimi zdravniki, tako da boste lahko prejeli pravilno zdravljenje in oskrbo, da boste obvladovali shizofrenijo ter da boste vi in va\u0161 otrok ostali zdravi. Zdravnik vam lahko priporo\u010di, kaj je v va\u0161i situaciji najbolje, to pa vam lahko pomaga, da se boste \u010dutili bolj pripravljene in da boste prevzeli nadzor. Spodaj lahko najdete nekaj nasvetov o shizofreniji in nose\u010dnosti.<br><br><\/p><\/div><\/div>\n\n\n\n<div class=\"wp-block-rea-title-rea-title-block rea-title-block front\"><div class=\"rea-title-block__content\"><h3 id=\"strongimam-shizofrenijo-in-elim-imeti-otrokastrong\" class=\"content-title \"><strong>Imam shizofrenijo in \u017eelim imeti otroka.<\/strong><\/h3><h4 class=\"content-subtitle rea-hidden\"><\/h4><\/div><\/div>\n\n\n\n<div class=\"wp-block-rea-title-rea-title-block rea-title-block front\"><div class=\"rea-title-block__content\"><h3 id=\"\" class=\"content-title rea-hidden\"><\/h3><h4 class=\"content-subtitle \">Ali lahko moj otrok podeduje shizofrenijo?<\/h4><\/div><\/div>\n\n\n\n<div class=\"wp-block-rea-paragraph-rea-paragraph-block rea-paragraph-block front\"><div class=\"rea-paragraph-block__content\"><p class=\"content-text\">\u010ceprav je shizofrenija pogosto prisotna v dru\u017einah, menijo, da za to ni odgovoren noben posamezni gen.1 Verjetneje je, da na tveganje za razvoj shizofrenije vplivajo razli\u010dne kombinacije genov. Enako pomembno vlogo pri razvoju shizofrenije kot genetski dejavniki lahko imajo okoljski dejavniki, kot so stresni \u017eivljenjski dogodki.<sup><sup>2<\/sup><\/sup><br><br><\/p><\/div><\/div>\n\n\n\n<div class=\"wp-block-rea-title-rea-title-block rea-title-block front\"><div class=\"rea-title-block__content\"><h3 id=\"\" class=\"content-title rea-hidden\"><\/h3><h4 class=\"content-subtitle \">Ali lahko antipsihoti\u010dna zdravila vplivajo na moje mo\u017enosti zanositve?<\/h4><\/div><\/div>\n\n\n\n<div class=\"wp-block-rea-paragraph-rea-paragraph-block rea-paragraph-block front\"><div class=\"rea-paragraph-block__content\"><p class=\"content-text\">\u010ce simptome trenutno obvladujete z zdravili, se morate z zdravnikom pogovoriti o tveganjih, ki so prisotna, \u010de shizofrenijo zdravite ali \u010de je ne zdravite. \u010ce nadaljujete jemanje predpisanih zdravil, to lahko predstavlja tveganje za va\u0161ega nerojenega otroka, \u010de pa jih ne jemljete, se boste morda po\u010dutili zelo slabo.<sup><sup>3<\/sup><\/sup> <br> <br>Zaradi nekaterih antipsihoti\u010dnih zdravil se lahko zvi\u0161a koncentracija prolaktina v krvi.<sup>4<\/sup> \u010ceprav prolaktin pomaga pripraviti telo na nose\u010dnost, pa lahko, \u010de ga je preve\u010d, vpliva na mo\u017enosti zanositve, zato se bo zdravnik morda odlo\u010dil, da bo zdravila zamenjal z drugimi.<sup>5<\/sup> Pri zvi\u0161ani koncentraciji prolaktina<br>se lahko pojavijo tudi menstrualne motnje, kar lahko vpliva na va\u0161 libido in plodnost.<sup>4<\/sup> Pomembno je, da se z zdravnikom pogovorite, katera zdravila so za vas najprimernej\u0161a. <br><br><\/p><\/div><\/div>\n\n\n\n<div class=\"wp-block-rea-title-rea-title-block rea-title-block front\"><div class=\"rea-title-block__content\"><h3 data-short=\"\" id=\"\" class=\"content-title rea-hidden\"><\/h3><h4 class=\"content-subtitle \">Kako lahko pomagajo pogovorne terapije?<\/h4><\/div><\/div>\n\n\n\n<div class=\"wp-block-rea-paragraph-rea-paragraph-block rea-paragraph-block front\"><div class=\"rea-paragraph-block__content\"><p class=\"content-text\">V splo\u0161nem je vedno dobro imeti nekoga za pogovor, va\u0161a podporna mre\u017ea, ki jo sestavljajo dru\u017eina, prijatelji in ljudje z enakimi izku\u0161njami, pa vam lahko pomaga pri premagovanju stresa med nose\u010dnostjo in po njej ter pri shizofreniji. Pogovorne terapije zagotavljajo bolj strokovno okolje, v katerem se lahko pogovorite z nekom, ki je usposobljen za pomo\u010d pri obvladovanju shizofrenije. <br> <br>Zlasti kognitivno vedenjska terapija, terapija sprejemanja in predanosti ter umetnostna terapija so pogovorne terapije, s katerimi lahko poskusite skupaj z zdravili. Lahko vam pomagajo spremeniti na\u010din razmi\u0161ljanja in vedenja, s tem pa simptome shizofrenije spremeniti v bolj obvladljive. Te terapije lahko pomagajo tudi pri poporodni psihozi, redki, a hudi du\u0161evni motnji, ki lahko prizadene \u017eensko kmalu po porodu.<sup><sup>6<\/sup><\/sup><\/p><\/div><\/div>\n\n\n\n<div class=\"wp-block-rea-separator-rea-separator-block rea-separator-block front\"><div class=\"rea-separator-block__content\"><hr class=\"rea-separator-block__separator\"><\/div><\/div>\n\n\n\n<div class=\"wp-block-rea-title-rea-title-block rea-title-block front\"><div class=\"rea-title-block__content\"><h3 id=\"strongimam-shizofrenijo-in-sem-noseastrong\" class=\"content-title \"><strong>Imam shizofrenijo in sem nose\u010da.<\/strong><\/h3><h4 class=\"content-subtitle rea-hidden\"><\/h4><\/div><\/div>\n\n\n\n<div class=\"wp-block-rea-title-rea-title-block rea-title-block front\"><div class=\"rea-title-block__content\"><h3 id=\"\" class=\"content-title rea-hidden\"><\/h3><h4 class=\"content-subtitle \">Kak\u0161na so morebitna tveganja za moje zdravje, \u010de med nose\u010dnostjo jemljem antipsihoti\u010dna zdravila?<\/h4><\/div><\/div>\n\n\n\n<div class=\"wp-block-rea-paragraph-rea-paragraph-block rea-paragraph-block front\"><div class=\"rea-paragraph-block__content\"><p class=\"content-text\">Pri antipsihoti\u010dnih zdravilih obstaja mo\u017enost ne\u017eelenih u\u010dinkov za va\u0161e zdravje, pa tudi rahlo pove\u010dano tveganje za specifi\u010dne zaplete, \u010de ste tudi nose\u010di. <br> <br>V veliki kanadski \u0161tudiji so ugotovili, da pri nose\u010dnicah s shizofrenijo v primerjavi s tistimi brez diagnosticirane du\u0161evne motnje obstajajo nekoliko ve\u010dje mo\u017enosti za:<sup><sup>7<\/sup><\/sup><\/p><\/div><\/div>\n\n\n\n<div class=\"wp-block-rea-list-rea-list-block rea-list-block front\"><div class=\"rea-list-block__wrapper\"><div class=\"list-unordered list\"><p>preeklampsijo,<\/p><p>globoko vensko trombozo, <\/p><p>prezgodnji porod,<\/p><p>nizko in visoko porodno te\u017eo glede na gestacijsko starost,<\/p><p>nose\u010dni\u0161ki diabetes, <\/p><p>kroni\u010dno hipertenzijo.  <\/p><\/div><\/div><\/div>\n\n\n\n<div class=\"wp-block-rea-paragraph-rea-paragraph-block rea-paragraph-block front\"><div class=\"rea-paragraph-block__content\"><p class=\"content-text\">\u010ceprav je to pomenilo, da so \u017eenske, ki so sodelovale pri \u0161tudiji, morale ostajati v bolni\u0161nici pogosteje od povpre\u010dja, pa se zdravniki zdaj bolj zavedajo morebitnih tveganj; zato je mogo\u010de razviti ustrezne strategije obvladovanja tveganja v podporo \u017eenskam s shizofrenijo, ki nameravajo zanositi ali so nose\u010de.<br>Pri oceni tveganja\/koristi antipsihoti\u010dnih zdravil lahko zdravnik (med drugim) upo\u0161teva naslednje:<\/p><\/div><\/div>\n\n\n\n<div class=\"wp-block-rea-list-rea-list-block rea-list-block front\"><div class=\"rea-list-block__wrapper\"><div class=\"list-unordered list\"><p>dejavnike tveganja za gestacijski diabetes in \u010dezmerno pove\u010danje telesne te\u017ee, <\/p><p>razpolo\u017eljive podatke o varnosti teh zdravil v nose\u010dnosti in poporodnem obdobju,<\/p><p>tveganje ponovitve brez uporabe zdravil.<sup><sup>8<\/sup><\/sup> <\/p><\/div><\/div><\/div>\n\n\n\n<div class=\"wp-block-rea-paragraph-rea-paragraph-block rea-paragraph-block front\"><div class=\"rea-paragraph-block__content\"><p class=\"content-text\">Med nose\u010dnostjo je pomembno, da upo\u0161tevate napotke svojega zdravnika in razumete pomen obvladovanja simptomov.<sup>9, 10<\/sup> Z odprtimi, iskrenimi pogovori med vami in va\u0161im zdravnikom o morebitnih tveganjih nose\u010dnosti in zamenjave zdravil z drugimi boste imeli ve\u010d mo\u017enosti za zdravo in dobro nadzorovano nose\u010dnost.<br><br><\/p><\/div><\/div>\n\n\n\n<div class=\"wp-block-rea-title-rea-title-block rea-title-block front\"><div class=\"rea-title-block__content\"><h3 id=\"\" class=\"content-title rea-hidden\"><\/h3><h4 class=\"content-subtitle \">Kak\u0161na so morebitna tveganja za mojega nerojenega otroka, \u010de med nose\u010dnostjo jemljem antipsihoti\u010dna zdravila?<\/h4><\/div><\/div>\n\n\n\n<div class=\"wp-block-rea-paragraph-rea-paragraph-block rea-paragraph-block front\"><div class=\"rea-paragraph-block__content\"><p class=\"content-text\">Jemanje antipsihotikov med nose\u010dnostjo verjetno ne bo povzro\u010dilo resnih ne\u017eelenih u\u010dinkov pri va\u0161em nerojenemu otroku (npr. prirojenih nepravilnosti), lahko pa je povezano s prezgodnjim porodom, nizko porodno te\u017eo in poporodnimi odtegnitvenimi u\u010dinki (zaradi izpostavljenosti otroka zdravilom v maternici ). Vendar ve\u010dina dokazov izhaja iz \u0161tudij uporabe antipsihotikov starej\u0161e generacije, in ne novej\u0161ih (\u00bbatipi\u010dnih\u00ab) antipsihotikov.4 \u010ce vas skrbi zdravje va\u0161ega nerojenega otroka med jemanjem zdravil, se pogovorite s svojim zdravnikom, ki bo ocenil, ali morate v \u010dasu nose\u010dnosti zdravila zamenjati.<br><br><\/p><\/div><\/div>\n\n\n\n<div class=\"wp-block-rea-title-rea-title-block rea-title-block front\"><div class=\"rea-title-block__content\"><h3 id=\"\" class=\"content-title rea-hidden\"><\/h3><h4 class=\"content-subtitle \">Kaj \u0161e lahko naredim med nose\u010dnostjo v podporo svojemu telesnemu in du\u0161evnemu zdravju?<\/h4><\/div><\/div>\n\n\n\n<div class=\"wp-block-rea-paragraph-rea-paragraph-block rea-paragraph-block front\"><div class=\"rea-paragraph-block__content\"><p class=\"content-text\">Obstaja ve\u010d na\u010dinov za vzdr\u017eevanje dobrega po\u010dutja med nose\u010dnostjo:<\/p><\/div><\/div>\n\n\n\n<div class=\"wp-block-rea-list-rea-list-block rea-list-block front\"><div class=\"rea-list-block__wrapper\"><div class=\"list-unordered list\"><p>Prehranjujte se zdravo in telovadite.<\/p><p>Vsak dan jemljite dodatek folne kisline.<sup><sup>1<\/sup><\/sup> <\/p><p>Zmanj\u0161ajte pitje alkohola. \u010ce je mogo\u010de, prenehajte u\u017eivati alkohol.<\/p><p>Stop smoking.<\/p><p>Vadite tehnike za zmanj\u0161anje stresa, kot sta spro\u0161\u010danje mi\u0161ic in meditacija.<\/p><p>Poskrbite za dober vzorec spanja.<\/p><\/div><\/div><\/div>\n\n\n\n<div class=\"wp-block-rea-paragraph-rea-paragraph-block rea-paragraph-block front\"><div class=\"rea-paragraph-block__content\"><p class=\"content-text\"><br><\/p><\/div><\/div>\n\n\n\n<div class=\"wp-block-rea-title-rea-title-block rea-title-block front\"><div class=\"rea-title-block__content\"><h3 id=\"\" class=\"content-title rea-hidden\"><\/h3><h4 class=\"content-subtitle \">Ali naj nadaljujem z zdravljenjem po rojstvu otroka (po porodu)?<\/h4><\/div><\/div>\n\n\n\n<div class=\"wp-block-rea-paragraph-rea-paragraph-block rea-paragraph-block front\"><div class=\"rea-paragraph-block__content\"><p class=\"content-text\">Ve\u010dina antipsihoti\u010dnih zdravil lahko prehaja v mleko, \u010deprav so koncentracije pri tem zelo nizke (&lt;\u00a03\u00a0%).<sup>1<\/sup> Kljub temu da obstaja nekaj poro\u010dil o zaspanosti in otopelosti novorojen\u010dkov po porodu, v ve\u010dini poro\u010dil niso odkrili nobenih ne\u017eelenih dogodkov, povezanih z novorojen\u010dki.<sup>2<\/sup> Da boste vedeli, ali naj nadaljujete z jemanjem zdravil po porodu, se pogovorite s svojim zdravnikom, ki vam bo svetoval glede na va\u0161e trenutno stanje.<br><br><\/p><\/div><\/div>\n\n\n\n<div class=\"wp-block-rea-title-rea-title-block rea-title-block front\"><div class=\"rea-title-block__content\"><h3 id=\"\" class=\"content-title rea-hidden\"><\/h3><h4 class=\"content-subtitle \">Kaj storiti, \u010de poznam osebo s shizofrenijo, ki je nose\u010da?<\/h4><\/div><\/div>\n\n\n\n<div class=\"wp-block-rea-paragraph-rea-paragraph-block rea-paragraph-block front\"><div class=\"rea-paragraph-block__content\"><p class=\"content-text\">\u010ce skrbite za osebo s shizofrenijo, ki je nose\u010da, jo je najbolje podpreti s temi tremi preprostimi koraki:<br><\/p><\/div><\/div>\n\n\n\n<div class=\"wp-block-rea-list-rea-list-block rea-list-block front\"><div class=\"rea-list-block__wrapper\"><div class=\"list-ordered list\"><p><em>Poslu\u0161ajte<\/em>: Izjemno koristno je, \u010de prijateljici ali dru\u017einski \u010dlanici s shizofrenijo med nose\u010dnostjo in po njej stojite ob strani. Spodbujajte jo, da izrazi svoje ob\u010dutke, in ji ponudite svojo pomo\u010d pri vsakodnevnem \u017eivljenju.<\/p><p> <em>Na\u010drtujte vnaprej<\/em>: Pripravite se na te\u017eavne situacije, ki se lahko pojavijo med nose\u010dnostjo in po njej, ter spodbujajte odprte pogovore o sprejemanju nekaterih odlo\u010ditev vnaprej. Osebe s shizofrenijo, ki postanejo mame, bodo morda med poporodnim obdobjem potrebovale veliko podpore. Potrebno je skrbno spremljanje morebitne vrnitve psihoti\u010dnih simptomov ali zanemarjanja otroka, zaradi katerega bi bil ta ogro\u017een.<sup>5<\/sup> <\/p><p> <em>Poskrbite zase<\/em>: Skrb za osebo s shizofrenijo je lahko stresna, pomembni \u017eivljenjski dogodki, kot je nose\u010dnost, pa ta stres lahko \u0161e pove\u010dajo. Zato je pomembno, da poskrbite zase in si vzamete \u010das za svoje dobro po\u010dutje.<\/p><\/div><\/div><\/div>\n\n\n\n<div class=\"wp-block-rea-references-rea-references-block rea-references-block front\"><div class=\"rea-references-block__references\"><p class=\"references-title\">Viri<\/p><ol class=\"references-list\"><li><a href=\"https:\/\/www.nhs.uk\/conditions\/schizophrenia\/causes\/\" rel=\"nofollow noopener\" target=\"_blank\">https:\/\/www.nhs.uk\/conditions\/schizophrenia\/causes\/<\/a><\/li><li>Brown AS. The environment and susceptibility to schizophrenia. Prog Neurobiol. 2011;93(1):23-58<\/li><li><a href=\"https:\/\/www.nhs.uk\/conditions\/pregnancy-and-baby\/mental-health-problems-pregnant\/\" rel=\"nofollow noopener\" target=\"_blank\">https:\/\/www.nhs.uk\/conditions\/pregnancy-and-baby\/mental-health-problems-pregnant\/<\/a><\/li><li>Bargiota, et al., The Effects of Antipsychotics on Prolactin Levels and Women&#8217;s Menstruation Schizophr Res Treatment. 2013; 2013: 502697. <a href=\"https:\/\/www.ncbi.nlm.nih.gov\/pmc\/articles\/PMC3886401\/\" rel=\"nofollow noopener\" target=\"_blank\">https:\/\/www.ncbi.nlm.nih.gov\/pmc\/articles\/PMC3886401\/<\/a><\/li><li>Robinson, Treatment of schizophrenia in pregnancy and postpartum. The Canadian journal of clinical pharmacology 19(3):e380-6 \u00b7 October 2012 <a href=\"https:\/\/www.researchgate.net\/publication\/232279872_Treatment_of_schizophrenia_in_pregnancy_and_postpartum\" rel=\"nofollow noopener\" target=\"_blank\">https:\/\/www.researchgate.net\/publication\/232279872_Treatment_of_schizophrenia_in_pregnancy_and_postpartum<\/a><\/li><li><a href=\"https:\/\/www.nhs.uk\/conditions\/post-partum-psychosis\/\" rel=\"nofollow noopener\" target=\"_blank\">https:\/\/www.nhs.uk\/conditions\/post-partum-psychosis\/<\/a><\/li><li>Vigod et al., Maternal and newborn outcomes among women with schizophrenia: a retrospective population-based cohort study, BJOG. 2014 Apr;121(5):566-74. <a href=\"https:\/\/obgyn.onlinelibrary.wiley.com\/doi\/pdf\/10.1111\/1471-0528.12567\" rel=\"nofollow noopener\" target=\"_blank\">https:\/\/obgyn.onlinelibrary.wiley.com\/doi\/pdf\/10.1111\/1471-0528.12567<\/a><\/li><li>Using antipsychotics in pregnancy &#8211; NHS Evidence <a href=\"https:\/\/arms.evidence.nhs.uk\/resources\/hub\/1047945\/attachment\" rel=\"nofollow noopener\" target=\"_blank\">https:\/\/arms.evidence.nhs.uk\/resources\/hub\/1047945\/attachment<\/a><\/li><li>Teodorescu et al., Dilemma of treating schizophrenia during pregnancy: A case series and a review of literature. BMC Psychiatry. 2017 Aug 29;17(1):311. Review. <a href=\"https:\/\/bmcpsychiatry.biomedcentral.com\/articles\/10.1186\/s12888-017-1475-z\" rel=\"nofollow noopener\" target=\"_blank\">https:\/\/bmcpsychiatry.biomedcentral.com\/articles\/10.1186\/s12888-017-1475-z<\/a> <\/li><li>Levinson. Review: women with schizophrenia have poorer pregnancy outcomes than other women, but it is unclear whether antipsychotic medications affect their infants. Evidence-Based Mental Health 2003;6:89. <a href=\"https:\/\/ebmh.bmj.com\/content\/6\/3\/89\" rel=\"nofollow noopener\" target=\"_blank\">https:\/\/ebmh.bmj.com\/content\/6\/3\/89<\/a>    <\/li><li><a href=\"https:\/\/www.nhs.uk\/common-health-questions\/pregnancy\/why-do-i-need-folic-acid-in-pregnancy\/\" rel=\"nofollow noopener\" target=\"_blank\">https:\/\/www.nhs.uk\/common-health-questions\/pregnancy\/why-do-i-need-folic-acid-in-pregnancy\/<\/a> <\/li><li>Gentile S. Infant safety with antipsychotic therapy in breast-feeding: a systematic review. J Clin Psychiatry 2000; 69:666-673<\/li><li>Einarson A. Antipsychotic medication(safety\/risk) during pregnancy and breastfeeding. Curr Women\u2019s Health Rev. 2010:6:34-38.<\/li><\/ol><\/div><\/div>\n\n\n\n\n<div class=\"wp-block-rea-title-rea-title-block rea-title-block front rea-share-block\" style=\"margin-bottom:30px;text-align:center;\">\n\t\t<div class=\"\">\n\t\t\t<span style=\"display:block;margin-bottom:10px;font-size:20px;\">Share<\/span>\n\t\t\t<a href=\"https:\/\/www.facebook.com\/sharer\/sharer.php?u=https:\/\/shizofrenija.si\/javno\/wp-json\/wp\/v2\/pages\/2338\" class=\"facebook-share\" target=\"_blank\"><\/a>\n\t\t\t<a href=\"https:\/\/www.linkedin.com\/shareArticle?mini=true&#038;url=https:\/\/shizofrenija.si\/javno\/wp-json\/wp\/v2\/pages\/2338\" class=\"linkedin-share\" target=\"_blank\"><\/a>\n\t\t<\/div>\n\t<\/div>","protected":false},"excerpt":{"rendered":"<p>Share<\/p>\n","protected":false},"author":1,"featured_media":0,"parent":0,"menu_order":0,"comment_status":"closed","ping_status":"closed","template":"page-fullwidth.php","meta":{"_acf_changed":false,"rea_page_title_signed_in_meta_block_field":"Nose\u010dnost in shizofrenija","rea_page_title_signed_out_meta_block_field":"Nose\u010dnost in shizofrenija","rea_page_description_signed_in_meta_block_field":"","rea_page_description_signed_out_meta_block_field":"","rea_page_footer_id_meta_block_field":"","rea_page_footer_date_meta_block_field":"","footnotes":""},"class_list":["post-2338","page","type-page","status-publish","hentry"],"acf":[],"_links":{"self":[{"href":"https:\/\/shizofrenija.si\/javno\/wp-json\/wp\/v2\/pages\/2338","targetHints":{"allow":["GET"]}}],"collection":[{"href":"https:\/\/shizofrenija.si\/javno\/wp-json\/wp\/v2\/pages"}],"about":[{"href":"https:\/\/shizofrenija.si\/javno\/wp-json\/wp\/v2\/types\/page"}],"author":[{"embeddable":true,"href":"https:\/\/shizofrenija.si\/javno\/wp-json\/wp\/v2\/users\/1"}],"replies":[{"embeddable":true,"href":"https:\/\/shizofrenija.si\/javno\/wp-json\/wp\/v2\/comments?post=2338"}],"version-history":[{"count":36,"href":"https:\/\/shizofrenija.si\/javno\/wp-json\/wp\/v2\/pages\/2338\/revisions"}],"predecessor-version":[{"id":3484,"href":"https:\/\/shizofrenija.si\/javno\/wp-json\/wp\/v2\/pages\/2338\/revisions\/3484"}],"wp:attachment":[{"href":"https:\/\/shizofrenija.si\/javno\/wp-json\/wp\/v2\/media?parent=2338"}],"curies":[{"name":"wp","href":"https:\/\/api.w.org\/{rel}","templated":true}]}}