{"id":2751,"date":"2020-03-20T08:14:04","date_gmt":"2020-03-20T07:14:04","guid":{"rendered":"https:\/\/shizofrenija.si\/javno\/?page_id=2751"},"modified":"2021-10-19T12:43:59","modified_gmt":"2021-10-19T11:43:59","slug":"impresum","status":"publish","type":"page","link":"https:\/\/shizofrenija.si\/javno\/impresum\/","title":{"rendered":"Impresum"},"content":{"rendered":"\n<div class=\"wp-block-rea-paragraph-rea-paragraph-block rea-paragraph-block front\"><div class=\"rea-paragraph-block__content\"><p class=\"content-text\">Objava, urejanje in vzdr\u017eevanje:<\/p><\/div><\/div>\n\n\n\n<figure class=\"wp-block-table no-header fixed-width-2\"><table class=\"has-fixed-layout\"><tbody><tr><td>Ime dru\u017ebe:<\/td><td>Gedeon Richter, tr\u017eenje, d.o.o.<\/td><\/tr><tr><td>Sede\u017e dru\u017ebe:<\/td><td>Verov\u0161kova ulica 55, Ljubljana<\/td><\/tr><tr><td>Vpis v sodni register:<\/td><td>Okro\u017eno sodi\u0161\u010de v Ljubljani, pod vlo\u017eno \u0161tev. 2011\/46311<\/td><\/tr><tr><td>Mati\u010dna \u0161tevilka podjetja:<\/td><td>6064655000<\/td><\/tr><tr><td>ID za DDV:<\/td><td>SI 44826354<\/td><\/tr><tr><td>Telefon:<\/td><td>08 205 68 70<\/td><\/tr><tr><td>Telefaks:<\/td><td>08 205 68 75<\/td><\/tr><tr><td>E-po\u0161ta:<\/td><td>info@richter.si<\/td><\/tr><\/tbody><\/table><\/figure>\n\n\n\n<div class=\"wp-block-rea-paragraph-rea-paragraph-block rea-paragraph-block front\"><div class=\"rea-paragraph-block__content\"><p class=\"content-text\">Ponudnik gostovanja:<\/p><\/div><\/div>\n\n\n\n<figure class=\"wp-block-table no-header fixed-width-2\"><table><tbody><tr><td><strong>Ime dru\u017ebe:<\/strong><\/td><td>Amarone Ltd.<\/td><\/tr><tr><td><strong>Sede\u017e dru\u017ebe:<\/strong><\/td><td>1142 Budapest, Erzs\u00e9bet kir\u00e1lyn\u00e9 \u00fatja 112. fszt. 1-13., Hungary<\/td><\/tr><tr><td><strong>Podru\u017enice:<\/strong><\/td><td>4026 Debrecen, Csemete u. 20., Hungary<br><br>4032 Debrecen, F\u00fcredi \u00fat 18. 1. em. 2., Hungary<\/td><\/tr><tr><td><strong>Telefon:<\/strong><\/td><td>+36 1 422-1634<\/td><\/tr><tr><td><strong>Telefaks:<\/strong><\/td><td>+36 1 422-1633<\/td><\/tr><tr><td><strong>E-po\u0161ta:<\/strong><\/td><td>info@amarone.hu<\/td><\/tr><\/tbody><\/table><\/figure>\n<div class=\"wp-block-rea-title-rea-title-block rea-title-block front rea-share-block\" style=\"margin-bottom:30px;text-align:center;\">\n\t\t<div class=\"\">\n\t\t\t<span style=\"display:block;margin-bottom:10px;font-size:20px;\">Share<\/span>\n\t\t\t<a href=\"https:\/\/www.facebook.com\/sharer\/sharer.php?u=https:\/\/shizofrenija.si\/javno\/wp-json\/wp\/v2\/pages\/2751\" class=\"facebook-share\" target=\"_blank\"><\/a>\n\t\t\t<a href=\"https:\/\/www.linkedin.com\/shareArticle?mini=true&#038;url=https:\/\/shizofrenija.si\/javno\/wp-json\/wp\/v2\/pages\/2751\" class=\"linkedin-share\" target=\"_blank\"><\/a>\n\t\t<\/div>\n\t<\/div>","protected":false},"excerpt":{"rendered":"<p>Ime dru\u017ebe: Gedeon Richter, tr\u017eenje, d.o.o. Sede\u017e dru\u017ebe: Verov\u0161kova ulica 55, Ljubljana Vpis v sodni register: Okro\u017eno sodi\u0161\u010de v Ljubljani, pod vlo\u017eno \u0161tev. 2011\/46311 Mati\u010dna \u0161tevilka podjetja: 6064655000 ID za DDV: SI 44826354 Telefon: 08 205 68 70 Telefaks: 08 205 68 75 E-po\u0161ta: info@richter.si Ime dru\u017ebe: Amarone Ltd. Sede\u017e dru\u017ebe: 1142 Budapest, Erzs\u00e9bet kir\u00e1lyn\u00e9 [&hellip;]<\/p>\n","protected":false},"author":1,"featured_media":0,"parent":0,"menu_order":0,"comment_status":"closed","ping_status":"closed","template":"","meta":{"_acf_changed":false,"rea_page_title_signed_in_meta_block_field":"","rea_page_title_signed_out_meta_block_field":"","rea_page_description_signed_in_meta_block_field":"","rea_page_description_signed_out_meta_block_field":"","rea_page_footer_id_meta_block_field":"","rea_page_footer_date_meta_block_field":"","footnotes":""},"class_list":["post-2751","page","type-page","status-publish","hentry"],"acf":[],"_links":{"self":[{"href":"https:\/\/shizofrenija.si\/javno\/wp-json\/wp\/v2\/pages\/2751","targetHints":{"allow":["GET"]}}],"collection":[{"href":"https:\/\/shizofrenija.si\/javno\/wp-json\/wp\/v2\/pages"}],"about":[{"href":"https:\/\/shizofrenija.si\/javno\/wp-json\/wp\/v2\/types\/page"}],"author":[{"embeddable":true,"href":"https:\/\/shizofrenija.si\/javno\/wp-json\/wp\/v2\/users\/1"}],"replies":[{"embeddable":true,"href":"https:\/\/shizofrenija.si\/javno\/wp-json\/wp\/v2\/comments?post=2751"}],"version-history":[{"count":17,"href":"https:\/\/shizofrenija.si\/javno\/wp-json\/wp\/v2\/pages\/2751\/revisions"}],"predecessor-version":[{"id":2969,"href":"https:\/\/shizofrenija.si\/javno\/wp-json\/wp\/v2\/pages\/2751\/revisions\/2969"}],"wp:attachment":[{"href":"https:\/\/shizofrenija.si\/javno\/wp-json\/wp\/v2\/media?parent=2751"}],"curies":[{"name":"wp","href":"https:\/\/api.w.org\/{rel}","templated":true}]}}